- 1000111000?
-1000110111
In base 5, what is -244102 - 3?
-244110
In base 6, what is -5 - -1001?
552
In base 7, what is -1 - 655?
-656
In base 8, what is -1011 + -1?
-1012
In base 11, what is 18 + 14?
31
In base 14, what is -6 - 4d?
-55
In base 16, what is -22 + -4?
-26
In base 4, what is 212 + 2?
220
In base 2, what is 11 + 101001?
101100
In base 13, what is 13 + -9c?
-89
In base 8, what is 1 - 12?
-11
In base 4, what is 213131 - 33?
213032
In base 2, what is 1010001 + -101?
1001100
In base 15, what is -4 - -4e?
4a
In base 10, what is 2862 - -2?
2864
In base 14, what is 13 + -5?
c
In base 9, what is -3 + 61?
57
In base 3, what is -11 + -10121101?
-10121112
In base 4, what is -23 - 21?
-110
In base 3, what is 2 - -1110?
1112
In base 4, what is -13 + -10?
-23
In base 9, what is -330 + -5?
-335
In base 8, what is 3 + 3702?
3705
In base 13, what is 9 - 0?
9
In base 12, what is 5 - 15b?
-156
In base 11, what is -100 + -2?
-102
In base 4, what is 1232210 - 11?
1232133
In base 4, what is -1 - -1131103?
1131102
In base 9, what is 4 - 32?
-27
In base 5, what is -1 + -1002?
-1003
In base 2, what is 100 - 1011010110?
-1011010010
In base 4, what is -11 + 213?
202
In base 4, what is -20303212 + 10?
-20303202
In base 7, what is -1042 + -5?
-1050
In base 4, what is -122 - 1?
-123
In base 12, what is 6320 - 4?
6318
In base 14, what is -8 + -3b?
-45
In base 4, what is -10 + -203200?
-203210
In base 2, what is 101 - 101010000001?
-101001111100
In base 11, what is 4 + -178?
-174
In base 4, what is -213013 - -3?
-213010
In base 3, what is -22001 - -20?
-21211
In base 2, what is 101 + 1010000100?
1010001001
In base 7, what is -1323 + 5?
-1315
In base 14, what is -c - 24?
-32
In base 15, what is -1 - 8?
-9
In base 3, what is -1212000 - 11?
-1212011
In base 4, what is 1200 + -1?
1133
In base 8, what is 302 + 22?
324
In base 9, what is 40 - 773?
-733
In base 6, what is 5054 + 0?
5054
In base 9, what is -57 + -3?
-61
In base 16, what is 36e + -3?
36b
In base 6, what is -44 - 2441?
-2525
In base 5, what is -4 - 11401?
-11410
In base 7, what is -3256 + -5?
-3264
In base 14, what is 68 + -4?
64
In base 16, what is -432 - 14?
-446
In base 4, what is -20131 + 12?
-20113
In base 8, what is 1224 + 2?
1226
In base 5, what is 1011 + 13?
1024
In base 12, what is -3 + -b1a?
-b21
In base 5, what is 23 - -134?
212
In base 2, what is -10111000 - -1?
-10110111
In base 15, what is 209 + 5?
20e
In base 13, what is 5 - 3a?
-35
In base 13, what is 441 - -2?
443
In base 7, what is -5 + -505?
-513
In base 9, what is -4 + 45?
41
In base 8, what is 2 + -54?
-52
In base 15, what is 9 - -8a?
94
In base 2, what is 0 - -100000101101?
100000101101
In base 3, what is 1 + 10110?
10111
In base 11, what is 3 - -a?
12
In base 4, what is 1 + -211312?
-211311
In base 14, what is 13 + -20?
-b
In base 13, what is -5 - 12c?
-134
In base 13, what is 558 - -3?
55b
In base 4, what is 3033 + -33?
3000
In base 15, what is 529 - 1?
528
In base 8, what is -3 + 5621?
5616
In base 16, what is 1c2 + 4?
1c6
In base 10, what is 10 - 31?
-21
In base 9, what is -3 - 1041?
-1044
In base 14, what is 244 + 7?
24b
In base 3, what is -2212 + -121?
-10110
In base 9, what is 2 + 111?
113
In base 4, what is 302331 - -1?
302332
In base 10, what is 4 + -36?
-32
In base 2, what is -10000010 + -11101?
-10011111
In base 4, what is 0 + 1302?
1302
In base 16, what is 12 + -5b?
-49
In base 6, what is 5 + 240?
245
In base 13, what is -31 + 279?
248
In base 9, what is -1 - 75?
-76
In base 5, what is 233 + 41?
324
In base 10, what is 4 - -126?
130
In base 14, what is -60d + 0?
-60d
In base 14, what is -2 + 215?
213
In base 8, what is 2 + 1177?
1201
In base 11, what is -142 + -1?
-143
In base 16, what is 4a9 + -2?
4a7
In base 4, what is 31132 + -112?
31020
In base 16, what is -4 + 16?
12
In base 8, what is 2 + -116?
-114
In base 2, what is -101010100 + 11?
-101010001
In base 6, what is 2452 + 5?
2501
In base 6, what is -1 + -1424?
-1425
In base 8, what is 1131 - -2?
1133
In base 14, what is 1279 + 5?
1280
In base 3, what is 12 - 10100?
-10011
In base 16, what is b - -1c4?
1cf
In base 11, what is 4 + -1648?
-1644
In base 14, what is 14d + -24?
129
In base 3, what is 10111 - 11?
10100
In base 11, what is -1 + 23a?
239
In base 3, what is 10 + 1200101?
1200111
In base 5, what is 30 - -122?
202
In base 8, what is 6 + -10?
-2
In base 8, what is -65 - -7?
-56
In base 9, what is -4 + -438?
-443
In base 8, what is -1 + -64?
-65
In base 6, what is 100 + -132?
-32
In base 11, what is 4 - 42a?
-426
In base 8, what is 121 + -2?
117
In base 6, what is 102 + -1?
101
In base 11, what is -61 + -44?
-a5
In base 4, what is 10 - 231?
-221
In base 7, what is 40 + -6?
31
In base 8, what is -24 + 210?
164
In base 16, what is -6bd - -5?
-6b8
In base 3, what is 121200 + 211?
122111
In base 4, what is 2 - 12130?
-12122
In base 4, what is 10 + -232000?
-231330
In base 9, what is -1 + -72?
-73
In base 15, what is -16e + 4?
-16a
In base 6, what is -5 - -42?
33
In base 3, what is 201 - -1?
202
In base 4, what is -333112 + 10?
-333102
In base 15, what is -5 - 7e5?
-7ea
In base 2, what is 100110 + -1?
100101
In base 5, what is -1214 + -110?
-1324
In base 3, what is 2021 + -11?
2010
In base 10, what is 58 + -6?
52
In base 6, what is 35 + -13?
22
In base 5, what is 10 + 13?
23
In base 14, what is 47 + 6?
4d
In base 9, what is 13 + -61?
-47
In base 5, what is 31 + -402?
-321
In base 10, what is 2 - -129?
131
In base 11, what is 0 - -1592?
1592
In base 13, what is -450 + 5?
-448
In base 2, what is -10110 + 1111100?
1100110
In base 6, what is 5 - -43?
52
In base 12, what is -1 - -1b9?
1b8
In base 12, what is -5 + 1107?
1102
In base 12, what is -3b96 - 0?
-3b96
In base 11, what is -10 - 0?
-10
In base 5, what is -11310 + -1?
-11311
In base 3, what is -12 - -102111?
102022
In base 6, what is -230 + 5?
-221
In base 3, what is -1101 + -10?
-1111
In base 8, what is 3256 + 6?
3264
In base 8, what is 11 + -254?
-243
In base 3, what is -100221 + 1?
-100220
In base 7, what is -2 + -6?
-11
In base 13, what is -140 + -15?
-155
In base 7, what is -5 + 1612?
1604
In base 8, what is -223 - -36?
-165
In base 16, what is -274 - 2?
-276
In base 7, what is 24 + -52?
-25
In base 7, what is -34334 + -3?
-34340
In base 9, what is 1 - 13?
-12
In base 8, what is 1042 - -12?
1054
In base 9, what is 4 - 28?
-24
In base 2, what is -1001 - -1010111?
1001110
In base 9, what is -302 - 4?
-306
In base 16, what is -3 + 84c?
849
In base 6, what is 1422 - 0?
1422
In base 9, what is -35386 + 2?
-35384
In base 10, what is -682 + -4?
-686
In base 8, what is -52 - 6?
-60
In base 9, what is 21826 + 3?
21830
In base 13, what is 2 - -39?
3b
In base 5, what is -2 + 1042?
1040
In base 13, what is 4 - 91?
-8a
In base 7, what is 54 - -365?
452
In base 3, what is 11 + 2202?
2220
In base 3, what is -11 - -2021100?
2021012
In base 15, what is 231 + 0?
231
In base 3, what is -1122 + 10?
-1112
In base 10, what is 0 - -120?
120
In base 12, what is 3 + -963?
-960
In base 11, what is -85 + 1?
-84
In base 4, what is -1 - -20123?
20122
In base 5, what is 32 - 104?
-22
In base 12, what is 8 - -29?
35
In base 3, what is 1 + 21112?
21120
In base 7, what is 5 - 161?
-153
In base 13, what is -146 + 0?
-146
In base 8, what is -400 + 5?
-373
In base 2, what is -10000111 + -100110?
-10101101
In base 15, what is -7 - -c?
5
In base 15, what is 42 - -e?
51
In base 4, what is 13 + -110100?
-110021
In base 10, what is 5 + -19?
-14
In base 12, what is -10a21 - 4?
-10a25
In base 8, what is -5 + 5733?
5726
In base 15, what is -62 - -3?
-5e
In base 12, what is -49 + 11?
-38
In base 8, what is 233 + 4?
237
In base 8, what is 5 - 16?
-11
In base 4, what is 200 + -10011?
-3211
In base 3, what is -21211202 - -12?
-21211120
In base 12, what is -5 + 5?
0
In base 14, what is -29 - -4d?
24
In base 2, what is 0 + -101000101001?
-101000101001
In base 4, what is 2021 + 312?
2333
In base 5, what is 31 + -100?
-14
In base 8, what is 3 + -716?
-713
In base 14, what is -8 + -cc?
-d6
In base 7, what is -3 + 3602?
3566
In base 13, what is 3 + -a5?
-a2
In base 5, what is 242 + -4?
233
In base 4, what is 10 + -131230?
-131220
In base 12, what is 1 + 5?
6
In base 2, what is 1000 + -100?
100
In base 7, what is 1 + -3104?
-3103
In base 7, what is 4 - -2035?
20